ors of 39503266.
2, 11, 1795603
What are the prime factors of 156278040?
2, 3, 5, 19, 68543
What are the prime factors of 196339572?
2, 3, 11, 13, 12713
List the prime factors of 120076353.
3, 23, 580079
What are the prime factors of 325265675?
5, 7, 17, 15619
List the prime factors of 1007449577.
461, 2185357
List the prime factors of 161422929.
3, 73, 81899
List the prime factors of 13822126.
2, 23, 300481
What are the prime factors of 32479300?
2, 5, 7, 46399
What are the prime factors of 187445700?
2, 3, 5, 13, 37, 433
List the prime factors of 87216576.
2, 3, 454253
What are the prime factors of 32328053?
32328053
What are the prime factors of 1108697122?
2, 13, 43, 76283
What are the prime factors of 618733350?
2, 3, 5, 23, 19927
What are the prime factors of 4430180226?
2, 3, 7793, 94747
List the prime factors of 117060997.
17, 6885941
What are the prime factors of 93589858?
2, 19, 2462891
What are the prime factors of 110113748?
2, 27528437
List the prime factors of 1046330820.
2, 3, 5, 491, 11839
List the prime factors of 7088641.
7, 1012663
List the prime factors of 28128330.
2, 3, 5, 104179
What are the prime factors of 53557623?
3, 7, 850121
What are the prime factors of 1052252025?
3, 5, 11, 1275457
List the prime factors of 32622597.
3, 7, 193, 2683
List the prime factors of 2513769539.
241, 10430579
List the prime factors of 2806513.
17, 165089
List the prime factors of 1856844117.
3, 503, 410171
What are the prime factors of 22317594?
2, 3, 13, 359, 797
List the prime factors of 18782854.
2, 9391427
List the prime factors of 397534396.
2, 7, 71, 199967
List the prime factors of 1969469481.
3, 7, 41, 2287421
List the prime factors of 27119922.
2, 3, 223, 20269
What are the prime factors of 729783010?
2, 5, 11, 6634391
List the prime factors of 119389790.
2, 5, 13, 311, 2953
What are the prime factors of 22359384?
2, 3, 310547
List the prime factors of 3261208601.
7, 29, 37, 434191
What are the prime factors of 753808644?
2, 3, 617, 33937
List the prime factors of 49211147.
37, 1330031
List the prime factors of 33283577.
33283577
What are the prime factors of 77726715?
3, 5, 11, 139, 3389
What are the prime factors of 69916740?
2, 3, 5, 1165279
List the prime factors of 51721388.
2, 23, 24443
List the prime factors of 67786947.
3, 53, 142111
What are the prime factors of 1380986516?
2, 7, 13, 23, 164953
List the prime factors of 24990543.
3, 2776727
List the prime factors of 59267554.
2, 29633777
List the prime factors of 46819112.
2, 5852389
List the prime factors of 214165398.
2, 3, 37, 59, 83, 197
What are the prime factors of 39593304?
2, 3, 23, 23909
List the prime factors of 440168156.
2, 110042039
What are the prime factors of 291250490?
2, 5, 29125049
What are the prime factors of 178514192?
2, 193, 57809
What are the prime factors of 231633809?
11, 379, 5051
List the prime factors of 738185971.
3833, 192587
List the prime factors of 1172788674.
2, 3, 197, 349, 2843
List the prime factors of 517273521.
3, 7499, 22993
What are the prime factors of 2263537591?
7, 2719, 118927
What are the prime factors of 463937018?
2, 233, 995573
What are the prime factors of 54856845?
3, 5, 135449
What are the prime factors of 970961446?
2, 7, 13, 19, 21599
What are the prime factors of 120919490?
2, 5, 12091949
List the prime factors of 30800897.
53, 581149
What are the prime factors of 6678909?
3, 17, 14551
What are the prime factors of 60874145?
5, 12174829
List the prime factors of 3845454.
2, 3, 347, 1847
List the prime factors of 95403230.
2, 5, 13, 733871
List the prime factors of 42450570.
2, 3, 5, 471673
What are the prime factors of 29278842?
2, 3, 4879807
List the prime factors of 73461387.
3, 2447, 10007
List the prime factors of 7276472.
2, 7, 129937
What are the prime factors of 54106356?
2, 3, 1013, 4451
What are the prime factors of 27660598?
2, 7, 17, 16603
List the prime factors of 90191574.
2, 3, 11, 455513
List the prime factors of 450632797.
3361, 134077
List the prime factors of 585099473.
7, 83585639
List the prime factors of 494887669.
494887669
List the prime factors of 2801653995.
3, 5, 7, 26682419
List the prime factors of 20104732.
2, 5026183
List the prime factors of 76173792.
2, 3, 23, 34499
List the prime factors of 28479117.
3, 967, 9817
List the prime factors of 168508553.
127, 1326839
What are the prime factors of 63824651?
11, 197, 29453
List the prime factors of 808809525.
3, 5, 1087, 3307
List the prime factors of 155448000.
2, 3, 5, 17, 127
List the prime factors of 19094016.
2, 3, 31, 401
List the prime factors of 163657513.
163657513
List the prime factors of 143639555.
5, 28727911
What are the prime factors of 445097534?
2, 7, 19, 59, 79, 359
What are the prime factors of 3536204150?
2, 5, 431, 164093
What are the prime factors of 675600586?
2, 337800293
What are the prime factors of 8277089?
89, 93001
What are the prime factors of 51560110?
2, 5, 7, 19, 38767
List the prime factors of 168612751.
31, 103, 52807
List the prime factors of 4759809342.
2, 3, 4373, 181409
List the prime factors of 41679795.
3, 5, 23, 120811
List the prime factors of 15612182.
2, 43, 181537
What are the prime factors of 3058308365?
5, 7, 59, 1481021
List the prime factors of 7584273.
3, 23, 59
List the prime factors of 102591754.
2, 19, 577, 4679
What are the prime factors of 1099909571?
17, 557, 116159
List the prime factors of 213330389.
139, 1534751
List the prime factors of 1138605509.
1138605509
What are the prime factors of 290373869?
31, 59, 158761
List the prime factors of 351660347.
351660347
List the prime factors of 30282679.
7, 139, 31123
List the prime factors of 2884190.
2, 5, 379, 761
List the prime factors of 1452908956.
2, 127, 2860057
What are the prime factors of 399056032?
2, 83, 150247
List the prime factors of 1323175778.
2, 233, 2839433
What are the prime factors of 1157821205?
5, 37, 197, 31769
List the prime factors of 5502920164.
2, 7, 37, 73, 72763
List the prime factors of 43732662.
2, 3, 79, 257, 359
What are the prime factors of 38664?
2, 3, 179
List the prime factors of 5113120225.
5, 23, 197, 45139
What are the prime factors of 342975745?
5, 7, 19, 73679
What are the prime factors of 225104431?
2027, 111053
List the prime factors of 91833151.
421, 218131
List the prime factors of 564135133.
89, 6338597
What are the prime factors of 10333929?
3, 19, 181297
What are the prime factors of 419856902?
2, 43, 4882057
What are the prime factors of 813711292?
2, 8461, 24043
List the prime factors of 270421737.
3, 17, 19, 279073
What are the prime factors of 208969088?
2, 1632571
What are the prime factors of 26263974?
2, 3, 11, 397939
List the prime factors of 2437650194.
2, 7, 233, 747287
List the prime factors of 29507912.
2, 7, 19, 27733
What are the prime factors of 144104260?
2, 5, 7205213
What are the prime factors of 93253665?
3, 5, 2039, 3049
What are the prime factors of 1186041942?
2, 3, 29, 359, 6329
List the prime factors of 326505502.
2, 17, 9603103
List the prime factors of 5736347595.
3, 5, 11, 11588581
List the prime factors of 32092161.
3, 31, 61, 5657
What are the prime factors of 7803164806?
2, 97, 191, 251, 839
List the prime factors of 15758661.
3, 5252887
What are the prime factors of 243947537?
449, 543313
List the prime factors of 20723212.
2, 53, 239, 409
What are the prime factors of 358343989?
151, 2373139
List the prime factors of 188005873.
11, 17, 83, 12113
List the prime factors of 150701453.
7, 21528779
What are the prime factors of 1772438927?
7, 227, 159349
List the prime factors of 63153390.
2, 3, 5, 79, 26647
What are the prime factors of 3971858505?
3, 5, 264790567
What are the prime factors of 78430513?
7, 53, 211403
What are the prime factors of 2522576441?
7, 11, 32760733
List the prime factors of 1142966608.
2, 7, 2543, 4013
What are the prime factors of 1432248821?
107, 271, 49393
What are the prime factors of 1580020371?
3, 349, 167677
What are the prime factors of 642230412?
2, 3, 6803, 7867
What are the prime factors of 21609798?
2, 3, 7, 514519
What are the prime factors of 52528264?
2, 6566033
What are the prime factors of 395125588?
2, 11, 13, 271, 2549
List the prime factors of 63968923.
63968923
What are the prime factors of 32113764?
2, 3, 892